0/(-1)*(-25 + 19 - -5). Determine c(w).
18
Let c = -25 - 36. Let x = 59 + c. Let s(j) = j**3 - j**2 - 2*j - 2. What is s(x)?
-10
Let u be -25*(6 + 256/(-40)). Let r(m) = -m + 22. Give r(u).
12
Let o(h) be the second derivative of h**5/20 + 2*h**4/3 + 2*h**3/3 - 3*h**2 + 5*h + 18. Give o(-7).
15
Let z(t) = -7*t**2 - 12*t - 5. Let s(y) = -5*y**2 - 11*y - 6. Let v(p) = 4*s(p) - 3*z(p). Give v(9).
0
Let z(i) = i**3 + 11*i**2 + 12*i - 13. Let u(k) = 3*k**2 - 48*k + 107. Let l be u(13). Determine z(l).
-33
Let u(a) = -4*a + 6. Suppose 5*h - v = 37, -2 + 1 = -2*h + 5*v. Give u(h).
-26
Suppose 0*c - y = -c - 11, 4*c = 5*y - 49. Let t be (-3)/c*(-1 - -5). Let m(p) be the first derivative of 2*p**3/3 - p**2 - 2*p + 5. Determine m(t).
2
Let n = 11 + -9. Suppose 0*o + o = n. Let k(b) = 5 + 5*b + b**o - 2 + 0. What is k(-5)?
3
Let x = 1217/2 + -606. Let d(n) be the second derivative of 1/20*n**5 + 1/3*n**3 - x*n**2 - 1/2*n**4 + 3*n + 0. What is d(6)?
7
Let f(l) = 24*l + 15. Let t(b) be the first derivative of -13*b**2/2 - 8*b + 22. Let a(r) = -6*f(r) - 11*t(r). Determine a(-6).
4
Let b be (-144)/(-42) + (-6)/14. Let w(c) = b - 3 + 2*c. Calculate w(4).
8
Let v(f) = -f**2 - 3*f + 9. Suppose 3*k - 5*k = 46. Let d = k - -19. Let s be v(d). Let x(b) = b**2 - 8*b + 7. Calculate x(s).
-8
Let y(v) be the third derivative of v**5/60 + v**4/24 - v**3/3 + 80*v**2. Calculate y(3).
10
Let h(t) = -t**2 + 5*t + 2. Suppose -135 + 54 = -9*f. Calculate h(f).
-34
Let u(m) = -18 - 7*m**2 + 2*m + 23 + 4*m + 6*m**2. Give u(6).
5
Let q(k) = -k**2 - 4. Let h(u) = u + 11. Let t be h(-9). Suppose 0 = -5*z - 3*d - t - 4, -5*d = -3*z + 10. Give q(z).
-4
Let g(a) = -1 - 32*a + a**3 - 6*a**2 + 7*a**2 + 29*a. Give g(-2).
1
Let x(q) = -2*q**3 - 4*q**2 - 21*q - 8. Let v(l) = l**3 + 2*l**2 + 10*l + 4. Let t(z) = -13*v(z) - 6*x(z). Give t(-2).
4
Let v(u) = 3*u**2 - 3*u + 1. Let i(x) = -16*x**2 + 13*x - 3. Let z(b) = -2*i(b) - 11*v(b). Determine z(6).
1
Let m(y) = -21*y**2 + 4*y + 6*y**2 - 10*y + 14*y**2. What is m(-9)?
-27
Suppose 0 = p + 3*d - 1 - 4, 3*d + 7 = 5*p. Let q(m) = -8 + p*m + 0 + 6 + 1. Give q(-1).
-3
Let u(z) = 11*z**2 + z + 42. Let q(p) = -8*p**2 - 28. Let v(s) = 7*q(s) + 5*u(s). Give v(8).
-10
Let a(d) = 5*d**2 - 182*d - 108. Let b be a(37). Let g(m) be the second derivative of 0 + 1/6*m**b + 1/2*m**2 - 1/4*m**4 - 4*m. What is g(-1)?
-3
Let s(f) = 4*f**2 - 39*f - 10. Let c be s(10). Let b(h) = -h**2 + 27. Give b(c).
27
Let p(q) = 3*q**2 + q - 2. Let o(f) = -13*f**2 - 5*f + 9. Let g(t) = 2*o(t) + 9*p(t). Let v = -438 + 436. Calculate g(v).
6
Let r be (-16)/10 - (-8)/(-20). Let q = 2 - r. Let b(f) = 48 - 2*f - 3*f**2 - 97 + f**3 + 45. What is b(q)?
4
Let m(i) = -i**2 - 3*i + 2. Suppose -11*k + 35 = 2. Calculate m(k).
-16
Let i = 52 - 48. Suppose -5*w = i*q - 21, 2*q = 4*w + q. Let p(u) = -7*u**2 + 1. Calculate p(w).
-6
Let i(y) = -5*y - 2. Let f be (-6)/(-9)*((2 - -2) + -10). What is i(f)?
18
Let s(y) = y - 1. Let u(p) = -p + 8. Let q(b) = 3*s(b) + u(b). Let d be q(-5). Let t(h) = h + 4. What is t(d)?
-1
Suppose -9*l = -14*l - 90. Let a(d) = d + 18. Let w be a(l). Let m(o) be the second derivative of -o**3/6 - 11*o**2/2 + o. Determine m(w).
-11
Suppose -i - 2*i = t - 14, 3*i = 4*t + 4. Let u(j) = j**t + 2 + 1 + 0. Let m be -2 + (-1)/(1/(-2)). Determine u(m).
3
Let g(i) = -i**3 + 7*i**2 - 6*i - 3. Let k(x) = -4*x**3 + 2*x**2 - 2. Let p be k(1). Let s(h) = -h**3 - 4*h**2 - 3*h - 7. Let o be s(p). Give g(o).
17
Let x(a) = 2*a**2 - 4*a + 3. Let b = -256 + 260. What is x(b)?
19
Let q(j) = 3*j**2 + j + 5. Suppose 4*n + 8 = -12. Let y(v) = -4*v**2 - 2*v - 6. Let t(h) = n*q(h) - 4*y(h). Give t(-4).
3
Let h(q) = -q**3 - q**2 + 33*q - 4. Let r be h(5). Let x(o) = -3*o + 25. Calculate x(r).
-8
Let r(c) = c**2 + 2*c - 12. Let y be r(-5). Suppose 3*v - y*p = 15, -3*p = -v + 2*p + 1. Let b(k) = 1 - 3 + k - 3 - v. Determine b(5).
-6
Let k(m) be the first derivative of m**2/2 + 4*m + 198. Calculate k(-6).
-2
Suppose 28*p - 22*p = 18. Let s(r) be the first derivative of 1/3*r**p + 4*r**2 + 6 + 5*r. Determine s(-7).
-2
Let u(g) be the first derivative of g**2 + 4 + 0 + 4*g - 2. Let d = -91 + 88. Determine u(d).
-2
Let f(o) = -o**2 + 8*o - 4. Let v be f(7). Let m be (v - 8)*(-8)/(-10). Let u(c) = c - 3 + 7*c**3 - c**3 + 5*c**2 - 6*c**3 + c**3. Calculate u(m).
9
Let y(q) = -3*q**2 - q - 1. Suppose -6*o + 3 - 9 = 0. Determine y(o).
-3
Suppose -2*q = 2*b + 16, b - 6*q + 4*q = 7. Let i(s) = -2 + 3 + 3 - 2*s. Calculate i(b).
10
Let a(k) = -k - 2*k - 8620 + 4*k + 8616. Calculate a(-3).
-7
Let r(p) = -p**2 - 2*p + 1. Suppose -2*s = w - 3*s - 2, -w = -3*s. Suppose -20 = 5*t + 5*a, w*t + 5*a + 11 = t. Calculate r(t).
-2
Let l(d) = 6 + 1 - 6 - 2*d**2 - 3*d. Suppose 0*i = -i - 3. Calculate l(i).
-8
Let o(b) = -2*b**2 - 7*b. Let w(z) = z**3 + 10*z**2 + 7*z - 11. Let q be 3 + (-3 - (-9)/(-1)). Let g be w(q). Suppose g*m - 4*m = -15. What is o(m)?
-15
Let h be 966/120 + 36/(-720). Let c(w) = 3 - 1 + 3 + w. Determine c(h).
13
Let v(q) = -19*q + 4. Suppose -55*r = -54*r - 3. Give v(r).
-53
Let u(a) = 2 + 0 + a - 9 - 2*a + 1. Determine u(-4).
-2
Let q(n) = -2*n + 1. Let o be ((-11)/(-3) + -4)/(2/12). Let z be (1/o + 2)*(-20)/30. What is q(z)?
3
Let w be -2 - (0 - 1)*4. Let n = 15 + w. Let p(m) = -3 - 3 - n*m - 3 + 15*m. Determine p(-6).
3
Let g(s) = -3*s + 2. Suppose 56 = h + 55. Determine g(h).
-1
Let f(d) be the first derivative of -3*d**2/2 + 10*d - 128. What is f(7)?
-11
Suppose -45 = -4*r - t, 6*t + 30 = r + 10*t. Let l(b) = b**2 - 8*b - 7. Give l(r).
13
Let w(q) = -2*q - 1. Let u(s) = s**3 - s**2 - 4*s + 6. Let i be u(2). Let k(n) = -n**2 + 5. Let y be k(i). Calculate w(y).
-3
Let r = -386 + 378. Let s(f) = f**2 + 7*f - 9. What is s(r)?
-1
Suppose -4*w = -2*i - 26, -3*w + 4*i + i + 23 = 0. Let l(d) be the first derivative of d**4/4 - 2*d**3 + d**2 - 8. Calculate l(w).
12
Let d(w) = 22*w + 1128. Let i be d(-51). Let t(c) = -c**3 - 1. Let r(a) = -3*a**3 - 6*a**2 - 2*a. Let p(v) = -r(v) + 4*t(v). Give p(i).
8
Let a(c) be the first derivative of -c**5/60 - c**4/24 - 7*c**3/3 + 27*c**2/2 - 15. Let z(m) be the second derivative of a(m). Give z(0).
-14
Let t(m) = m - 12. Suppose 0 = -16*q + 94 + 66. Let j be q/(-2) - (-18 + 4). Give t(j).
-3
Let l = -17 - -10. Let u be (1 - -1)/((-14)/84). Let k = u - l. Let j(i) = -i**3 - 5*i**2 - 6. Determine j(k).
-6
Let x(l) be the second derivative of -3*l**2 - 1/20*l**5 - 1/2*l**4 - l**3 + 6*l + 0. Let y = -3 + -2. What is x(y)?
-1
Let f(h) = 2*h**2 - 2. Let v(u) = 9*u**2 + u - 8. Suppose 2*y + c = 14, 5*y - 3*c + 8*c - 40 = 0. Let i(a) = y*v(a) - 26*f(a). Determine i(-4).
12
Let p(m) = 2*m**2 + m + 1. Let i(z) be the third derivative of z**5/60 - 11*z**2. Let n(s) = i(s) + p(s). What is n(-2)?
11
Suppose 5*p - 2*m = 1, 4*p + 12*m - 7*m = 14. Let i be (p - 11/2)/((-3)/2). Let l(d) = 7*d + 3. Calculate l(i).
24
Let u(y) = -y**3 - 4*y**2 + 2. Suppose -16 - 2 = -3*w. Let x be ((-36)/(-20))/(w/20). Suppose -3 = 5*c - 3*v, -x = -2*c - 4*v - 28. What is u(c)?
-7
Let u(w) = -1 + w + 0*w + 3*w. Let v(q) = 2*q - 1. Let f be 20/(-110) + (-1)/((-22)/114). Let o(l) = f*v(l) - 3*u(l). What is o(2)?
-6
Let y(m) = m**2 + 2*m - 3. Suppose -5*p = 4*r + 21 - 41, 0 = -2*r + 5*p - 20. Calculate y(r).
-3
Let f(g) be the second derivative of 7/12*g**4 + 0*g**2 - 3*g + 0*g**3 + 1/120*g**5 + 0 + 1/144*g**6. Let s(i) be the third derivative of f(i). Calculate s(-1).
-4
Suppose -9*h + 85 - 13 = 0. Let b(d) = -d**2 + 6*d + 10. Calculate b(h).
-6
Let c(j) = -j**2 + 1. Let h(t) = t**2 + 3*t - 5. Let f(z) = 2*c(z) + h(z). Let n be (-33 + 1065/30)*(2 - (-2 + 2)). Determine f(n).
-13
Let q(d) = 12*d**2 - d + 12. Let c(o) = 14*o**2 - o + 9. Let j(x) = 4*c(x) - 3*q(x). Calculate j(-1).
21
Let u(t) = -6*t**3 + 6*t**2 + 10. Let p(a) = -7*a**3 + 7*a**2 + 11. Suppose -12 = 2*x - 24. Let h(z) = x*u(z) - 5*p(z). Give h(0).
5
Let i(s) = -s**2 + 4*s - 1. Let r(a) = -8*a**3 + 5*a**2 - 5*a + 2. Let f be r(2). Let t = f - -57. What is i(t)?
-6
Suppose -p + 130 - 135 = 0. Let r(m) = m**2 + 6*m - 9. Determine r(p).
-14
Let m(n) be the first derivative of n - 6 + 8/3*n**3 + 0*n**2. Calculate m(1).
9
Suppose -4*w + 36 = -10*w. Let v(c) = c**3 + 1. Let o = 0 - 1. Let f(l) = -7*l**3 - 3*l**2 + 2*l - 7. Let t(p) = o*f(p)